are the prime factors of 2258911401?
3, 752970467
List the prime factors of 2004656358.
2, 3, 73, 4576841
List the prime factors of 199061944.
2, 107, 232549
List the prime factors of 127609635.
3, 5, 23, 211, 1753
What are the prime factors of 63188545?
5, 7, 79, 22853
List the prime factors of 514762873.
17, 30280169
List the prime factors of 2277924.
2, 3, 11, 17257
What are the prime factors of 1012728782?
2, 13, 41, 73079
List the prime factors of 20130424.
2, 19, 132437
What are the prime factors of 231883429?
19, 2311, 5281
What are the prime factors of 1414013331?
3, 1847, 255191
List the prime factors of 1550263763.
59, 26275657
List the prime factors of 100287877.
149, 673073
What are the prime factors of 17331744?
2, 3, 180539
What are the prime factors of 209413370?
2, 5, 31, 317, 2131
List the prime factors of 182448054.
2, 3, 43, 107, 2203
What are the prime factors of 1826458460?
2, 5, 91322923
What are the prime factors of 324415559?
13, 2473, 10091
What are the prime factors of 13868574?
2, 3, 1433, 1613
List the prime factors of 42337999.
11, 29, 132721
What are the prime factors of 130908527?
130908527
What are the prime factors of 5475912212?
2, 6379, 214607
List the prime factors of 466553760.
2, 3, 5, 41, 151, 157
What are the prime factors of 3024108968?
2, 47, 8042843
What are the prime factors of 236680204?
2, 71, 853, 977
What are the prime factors of 5151496450?
2, 5, 8443, 12203
What are the prime factors of 130818321?
3, 139, 1291
What are the prime factors of 55156945?
5, 11031389
What are the prime factors of 341530672?
2, 7, 3049381
List the prime factors of 90359584.
2, 7, 403391
What are the prime factors of 20693122?
2, 857, 12073
List the prime factors of 3787316858.
2, 13, 89, 1636697
What are the prime factors of 3826066332?
2, 3, 11, 28985351
What are the prime factors of 285826563?
3, 11, 9721
What are the prime factors of 198569124?
2, 3, 13, 233, 607
List the prime factors of 27040828.
2, 311, 21737
What are the prime factors of 505751575?
5, 7, 461, 6269
What are the prime factors of 1229148971?
331, 3713441
What are the prime factors of 357684958?
2, 7351, 24329
List the prime factors of 757227822.
2, 3, 13, 746773
List the prime factors of 50639047.
19, 83, 163, 197
List the prime factors of 2751835222.
2, 1375917611
What are the prime factors of 54803003?
54803003
List the prime factors of 364558099.
13841, 26339
List the prime factors of 36852033.
3, 241, 50971
List the prime factors of 4261162756.
2, 19, 56067931
List the prime factors of 1390639273.
359, 3873647
What are the prime factors of 179737742?
2, 89868871
What are the prime factors of 229283089?
7, 19, 1307, 1319
What are the prime factors of 26364005?
5, 5272801
List the prime factors of 487275548.
2, 121818887
List the prime factors of 1968826016.
2, 109, 564457
List the prime factors of 1743335824.
2, 233, 467633
List the prime factors of 66442806.
2, 3, 1549, 2383
List the prime factors of 34925739.
3, 421, 27653
What are the prime factors of 67420219?
67420219
List the prime factors of 18990244.
2, 7, 13, 29, 257
List the prime factors of 1248445993.
1248445993
What are the prime factors of 2671080959?
2671080959
What are the prime factors of 2892566360?
2, 5, 72314159
List the prime factors of 11745507.
3, 3915169
List the prime factors of 70094136.
2, 3, 7, 417227
List the prime factors of 8414455132.
2, 2103613783
What are the prime factors of 2283925673?
17, 829, 9533
List the prime factors of 228237140.
2, 5, 11411857
What are the prime factors of 5695093668?
2, 3, 11, 19, 2270771
What are the prime factors of 9459585?
3, 5, 23357
List the prime factors of 5759052892.
2, 23, 62598401
What are the prime factors of 402563676?
2, 3, 33546973
List the prime factors of 28496524.
2, 7, 109, 9337
What are the prime factors of 5602208838?
2, 3, 933701473
List the prime factors of 481619664.
2, 3, 137, 24413
List the prime factors of 8063873.
8063873
What are the prime factors of 820237937?
23, 47, 71, 10687
List the prime factors of 184153214.
2, 7, 17, 397, 1949
What are the prime factors of 924441938?
2, 7, 1039, 1297
List the prime factors of 30528543.
3, 617, 16493
What are the prime factors of 31851565?
5, 6370313
What are the prime factors of 29887211?
421, 70991
What are the prime factors of 353399940?
2, 3, 5, 1963333
List the prime factors of 227618013.
3, 7, 29, 373757
List the prime factors of 380516756.
2, 293, 324673
List the prime factors of 78750086.
2, 17, 2316179
What are the prime factors of 1516008579?
3, 41, 3137, 3929
List the prime factors of 718955544.
2, 3, 29956481
What are the prime factors of 9594520?
2, 5, 13, 18451
List the prime factors of 963506947.
13, 8387, 8837
What are the prime factors of 686172613?
7, 71, 1380629
List the prime factors of 295168910.
2, 5, 29516891
List the prime factors of 104472928.
2, 7, 73, 6389
List the prime factors of 249779469.
3, 83259823
List the prime factors of 103355228.
2, 61, 423587
What are the prime factors of 180864287?
19, 89, 106957
List the prime factors of 518500362.
2, 3, 23, 71, 52919
List the prime factors of 28826572.
2, 19, 19963
List the prime factors of 1199658923.
1163, 1031521
List the prime factors of 1512157897.
31, 431, 113177
What are the prime factors of 20319237?
3, 2257693
What are the prime factors of 667015223?
7, 1327, 71807
What are the prime factors of 948349628?
2, 211, 1123637
What are the prime factors of 450878429?
719, 627091
What are the prime factors of 666973442?
2, 333486721
List the prime factors of 281641943.
11, 25603813
List the prime factors of 1163658452.
2, 11, 2404253
What are the prime factors of 4443450665?
5, 367, 1297, 1867
List the prime factors of 311837474.
2, 13, 83, 1741
What are the prime factors of 18120151?
7, 31, 79, 151
What are the prime factors of 1044648120?
2, 3, 5, 19, 458179
What are the prime factors of 3101518607?
11, 17, 53, 312937
What are the prime factors of 2266446470?
2, 5, 37, 1531, 4001
List the prime factors of 317839180.
2, 5, 15891959
List the prime factors of 709659318.
2, 3, 281, 337, 1249
List the prime factors of 736823205.
3, 5, 167, 98047
List the prime factors of 1792947025.
5, 71, 163, 6197
What are the prime factors of 65187298?
2, 11, 97, 2777
List the prime factors of 1243730177.
19, 127, 515429
What are the prime factors of 469120599?
3, 683, 25439
What are the prime factors of 1920903523?
7, 11, 479, 52081
What are the prime factors of 2645808924?
2, 3, 11, 1171, 17117
List the prime factors of 183134789.
1831, 100019
List the prime factors of 24671625.
3, 5, 11, 5981
List the prime factors of 682048124.
2, 170512031
What are the prime factors of 46135841?
17, 2713873
List the prime factors of 101931755.
5, 131, 155621
What are the prime factors of 706587740?
2, 5, 71, 497597
What are the prime factors of 60843410?
2, 5, 101, 107, 563
What are the prime factors of 44322769?
44322769
What are the prime factors of 13689257?
13689257
What are the prime factors of 36350441?
281, 129361
What are the prime factors of 102191756?
2, 25547939
What are the prime factors of 38285380?
2, 5, 7, 19, 37, 389
List the prime factors of 629022238.
2, 13, 29, 229, 3643
What are the prime factors of 5973673?
5973673
List the prime factors of 253470003.
3, 84490001
What are the prime factors of 171081564?
2, 3, 14256797
List the prime factors of 874672230.
2, 3, 5, 37, 787993
List the prime factors of 175536111.
3, 5953, 9829
List the prime factors of 66719960.
2, 5, 197, 8467
List the prime factors of 9544156353.
3, 443, 2393819
List the prime factors of 7054744707.
3, 19, 1559, 8821
List the prime factors of 129463872.
2, 3, 19, 23, 1543
List the prime factors of 494734926.
2, 3, 7, 317, 37159
List the prime factors of 39690533.
39690533
What are the prime factors of 124279323?
3, 7, 19, 41, 71, 107
What are the prime factors of 265506929?
4831, 54959
What are the prime factors of 150867194?
2, 443, 170279
List the prime factors of 359958096.
2, 3, 23, 251, 433
List the prime factors of 530709933.
3, 13, 1721, 7907
What are the prime factors of 99754507?
2143, 46549
List the prime factors of 11437265.
5, 7, 326779
What are the prime factors of 40582870?
2, 5, 257, 15791
List the prime factors